ousands digit of 27605965?
0
What is the hundred thousands digit of 268776537?
7
What is the millions digit of 35681513?
5
What is the tens digit of 209309800?
0
What is the hundred millions digit of 4245706405?
2
What is the hundreds digit of 324356318?
3
What is the hundreds digit of 155923575?
5
What is the thousands digit of 219301516?
1
What is the hundred thousands digit of 20442669?
4
What is the hundred millions digit of 189534205?
1
What is the ten thousands digit of 2110556259?
5
What is the units digit of 215217709?
9
What is the thousands digit of 318239896?
9
What is the hundred millions digit of 295558330?
2
What is the tens digit of 1657248707?
0
What is the millions digit of 313970578?
3
What is the billions digit of 2206284787?
2
What is the ten millions digit of 892564034?
9
What is the hundred thousands digit of 4246037678?
0
What is the thousands digit of 178548231?
8
What is the hundred thousands digit of 101548766?
5
What is the tens digit of 35587768?
6
What is the hundreds digit of 21317602?
6
What is the thousands digit of 107104340?
4
What is the hundred thousands digit of 989848557?
8
What is the ten millions digit of 58211284?
5
What is the tens digit of 111050425?
2
What is the millions digit of 28426205?
8
What is the millions digit of 45687310?
5
What is the tens digit of 407178249?
4
What is the units digit of 954503892?
2
What is the hundred millions digit of 4529974930?
5
What is the ten thousands digit of 8699656?
9
What is the ten millions digit of 34350624?
3
What is the hundreds digit of 2665810624?
6
What is the billions digit of 4341634192?
4
What is the hundred millions digit of 1349729638?
3
What is the thousands digit of 19003664?
3
What is the hundred millions digit of 748147052?
7
What is the ten thousands digit of 1155001218?
0
What is the ten millions digit of 29682440?
2
What is the hundred millions digit of 375318411?
3
What is the millions digit of 44788914?
4
What is the hundred thousands digit of 3355716672?
7
What is the thousands digit of 4854785?
4
What is the ten thousands digit of 466336063?
3
What is the hundred thousands digit of 4833268531?
2
What is the ten millions digit of 19002380?
1
What is the ten thousands digit of 89541736?
4
What is the ten millions digit of 128658671?
2
What is the ten millions digit of 14100737?
1
What is the tens digit of 125253148?
4
What is the thousands digit of 2281486367?
6
What is the hundreds digit of 27096984?
9
What is the ten millions digit of 2977782471?
7
What is the ten millions digit of 13368099?
1
What is the thousands digit of 69710065?
0
What is the ten millions digit of 53553781?
5
What is the hundred thousands digit of 325907196?
9
What is the millions digit of 2054228574?
4
What is the millions digit of 71779472?
1
What is the hundreds digit of 444926670?
6
What is the hundred thousands digit of 1258839243?
8
What is the hundred thousands digit of 1803207434?
2
What is the ten millions digit of 1498364608?
9
What is the millions digit of 869391717?
9
What is the units digit of 118887039?
9
What is the hundreds digit of 130218379?
3
What is the hundred millions digit of 713807878?
7
What is the thousands digit of 24128666?
8
What is the billions digit of 4577702001?
4
What is the thousands digit of 50162084?
2
What is the units digit of 228424948?
8
What is the tens digit of 637402725?
2
What is the units digit of 134529811?
1
What is the billions digit of 1787454728?
1
What is the ten thousands digit of 30855409?
5
What is the units digit of 412253037?
7
What is the tens digit of 5178353?
5
What is the millions digit of 266750863?
6
What is the thousands digit of 99912098?
2
What is the hundred millions digit of 5180166482?
1
What is the ten thousands digit of 68813425?
1
What is the ten millions digit of 15684041?
1
What is the ten thousands digit of 4604399?
0
What is the hundreds digit of 95500020?
0
What is the ten thousands digit of 86414232?
1
What is the hundred thousands digit of 3105153553?
1
What is the units digit of 1109163660?
0
What is the hundred thousands digit of 266288891?
2
What is the thousands digit of 340406730?
6
What is the millions digit of 3313993?
3
What is the hundreds digit of 47961014?
0
What is the hundred millions digit of 434539908?
4
What is the hundreds digit of 4843809991?
9
What is the units digit of 115986895?
5
What is the hundred millions digit of 2411669212?
4
What is the millions digit of 6172314519?
2
What is the millions digit of 147489807?
7
What is the thousands digit of 790019911?
9
What is the hundred thousands digit of 340734706?
7
What is the units digit of 225089981?
1
What is the units digit of 6780900374?
4
What is the millions digit of 51318428?
1
What is the ten thousands digit of 354481551?
8
What is the tens digit of 86779747?
4
What is the hundreds digit of 136861162?
1
What is the thousands digit of 26636038?
6
What is the millions digit of 137816390?
7
What is the tens digit of 73792563?
6
What is the thousands digit of 12786631?
6
What is the thousands digit of 107978989?
8
What is the ten thousands digit of 193382496?
8
What is the tens digit of 42425225?
2
What is the ten millions digit of 15726394?
1
What is the tens digit of 25142274?
7
What is the millions digit of 81589790?
1
What is the hundred thousands digit of 55843111?
8
What is the hundred millions digit of 438108585?
4
What is the hundred millions digit of 919852564?
9
What is the millions digit of 301010092?
1
What is the millions digit of 136599670?
6
What is the ten millions digit of 32007662?
3
What is the units digit of 8358405838?
8
What is the hundred millions digit of 183642264?
1
What is the ten millions digit of 835459701?
3
What is the ten thousands digit of 6842340645?
4
What is the ten millions digit of 97867690?
9
What is the ten millions digit of 1196406401?
9
What is the thousands digit of 13696003?
6
What is the thousands digit of 5717226465?
6
What is the ten millions digit of 133919641?
3
What is the ten thousands digit of 623326160?
2
What is the hundreds digit of 240857591?
5
What is the hundred thousands digit of 4893946?
8
What is the millions digit of 246916564?
6
What is the hundreds digit of 21435447?
4
What is the hundreds digit of 3514456357?
3
What is the ten thousands digit of 46977429?
7
What is the ten thousands digit of 125773017?
7
What is the hundred millions digit of 734700261?
7
What is the units digit of 96750270?
0
What is the hundreds digit of 281429900?
9
What is the millions digit of 227331455?
7
What is the billions digit of 1711103017?
1
What is the ten thousands digit of 281393540?
9
What is the ten thousands digit of 25249340?
4
What is the tens digit of 199548344?
4
What is the thousands digit of 245634717?
4
What is the ten thousands digit of 490861142?
6
What is the units digit of 577755750?
0
What is the ten millions digit of 454621670?
5
What is the millions digit of 15459834?
5
What is the ten millions digit of 574521810?
7
What is the ten thousands digit of 890820271?
2
What is the units digit of 599876890?
0
What is the tens digit of 135521900?
0
What is the hundred millions digit of 115597817?
1
What is the millions digit of 22176684?
2
What is the billions digit of 1415291720?
1
What is the ten thousands digit of 53661851?
6
What is the millions digit of 524915919?
4
What is the thousands digit of 100070631?
0
What is the ten millions digit of 93038536?
9
What is the hundred thousands digit of 822221050?
2
What is the hundreds digit of 52354211?
2
What is the tens digit of 404280596?
9
What is the millions digit of 6255937462?
5
What is the ten millions digit of 1223596172?
2
What is the units digit of 19275002?
2
What is the units digit of 501151786?
6
What is the ten millions digit of 330420266?
3
What is the units digit of 77001317?
7
What is the hundreds digit of 259481700?
7
What is the billions digit of 1140784871?
1
What is the tens digit of 16098332?
3
What is the tens digit of 595837414?
1
What is the ten millions digit of 59636006?
5
What is the hundreds digit of 120137029?
0
What is the thousands digit of 323348357?
8
What is the hundreds digit of 83437555?
5
What is the units digit of 319364822?
2
What is the units digit of 22666869?
9
What i